What is 2bcb5 (base 13) in base 16?
14609
Convert -f9f49a (base 16) to base 13.
-3517163
What is -1056760 (base 11) in base 4?
-13010203201
223113110 (base 4) to base 16
2b5d4
Convert -101101140 (base 6) to base 5.
-420444244
34411022 (base 5) to base 3
120202102120
211171 (base 8) to base 16
11279
-455234 (base 8) to base 16
-25a9c
What is 260313 (base 8) in base 12?
44323
13341352 (base 7) to base 14
242b62
-212201213001 (base 4) to base 12
-34704a9
What is 316b939 (base 12) in base 10?
9351549
Convert -11407181 (base 9) to base 2.
-10101001100011010010111
Convert 2309653 (base 11) to base 5.
2013222123
-6007157 (base 9) to base 16
-30bc1a
Convert 101101101111001110000 (base 2) to base 15.
1e910b
-236231323 (base 7) to base 13
-3094702
Convert 146604 (base 8) to base 14.
15260
What is -1111010011101001101010 (base 2) in base 8?
-17235152
Convert -364615 (base 8) to base 14.
-3395b
What is 38047f (base 16) in base 14?
6b7c63
Convert -3249a (base 13) to base 2.
-10110001100000000
What is 4665214 (base 7) in base 4?
2033132110
Convert 64729 (base 12) to base 14.
3634d
What is -365025 (base 7) in base 13?
-243b1
-15610430 (base 7) to base 14
-2b62c0
Convert 113032030 (base 4) to base 9.
154424
What is 23ba00 (base 12) in base 9?
1074040
Convert 1031210320 (base 4) to base 6.
10451024
What is 1088376 (base 11) in base 5?
441243113
138292 (base 12) to base 16
4f68e
114411 (base 6) to base 10
10087
What is -21a39 (base 14) in base 3?
-11010220202
-1185ac0 (base 15) to base 7
-211610532
-23b53c (base 14) to base 12
-4ab2aa
What is 102001000202 (base 3) in base 10?
217262
Convert -ab817b (base 12) to base 2.
-1010011010100111101111
20110002222 (base 3) to base 9
213088
What is 121302 (base 7) in base 4?
11121111
What is 112324131 (base 5) in base 7?
4226165
Convert 365a9 (base 11) to base 8.
146631
What is -10002010001220 (base 3) in base 2?
-110001111011001010111
-343421432 (base 5) to base 6
-53041522
-616583 (base 9) to base 7
-3052131
Convert -1d5d9e (base 15) to base 9.
-2630725
What is -17008 (base 10) in base 9?
-25287
What is 63e9 (base 16) in base 14?
946d
1101110100000011110010 (base 2) to base 9
6728201
Convert -75dc (base 16) to base 15.
-8e17
What is 100312113002 (base 4) in base 15?
5c3ae2
What is -7467c (base 14) in base 4?
-1010221112
Convert -3b582 (base 16) to base 6.
-5113202
1100100100000000000100 (base 2) to base 9
6168357
What is 10011100011100010 (base 2) in base 5?
10030343
21111000213 (base 4) to base 15
334836
What is d0b60 (base 15) in base 16?
a14d2
What is 524879 (base 10) in base 16?
8024f
What is 173886 (base 16) in base 13?
413895
Convert 10100100001001110 (base 2) to base 14.
228b4
Convert 2473436 (base 9) to base 7.
14311500
Convert -10109a2 (base 12) to base 10.
-3008138
Convert -555233 (base 7) to base 11.
-6759a
-11134102241 (base 5) to base 10
-12409696
-152042 (base 6) to base 9
-22158
Convert 10218 (base 9) to base 16.
1a54
What is 374509 (base 15) in base 3?
11222111012000
Convert 4ae1c (base 15) to base 5.
30130202
Convert -1424342 (base 6) to base 12.
-3b0b2
What is -2166242 (base 7) in base 12?
-10b5b5
What is -47175310 (base 8) in base 7?
-153305430
Convert -12b3f4 (base 16) to base 9.
-2267326
Convert -35333213 (base 6) to base 7.
-12234003
Convert -232b57 (base 14) to base 8.
-4445031
Convert 205044 (base 7) to base 9.
53450
What is 20d946 (base 16) in base 12?
87999a
What is -133342021 (base 5) in base 12?
-28ba0b
Convert -7160861 (base 9) to base 2.
-1110100100011011000101
-20b9705 (base 12) to base 2
-10111101101101110110101
Convert -10120535 (base 6) to base 11.
-189298
Convert -1c92d2 (base 15) to base 6.
-45543425
What is -4b830 (base 12) in base 10?
-103140
Convert 17109 (base 13) to base 8.
126126
Convert -1382c8 (base 14) to base 9.
-1238657
What is -459232 (base 12) in base 10?
-1114886
What is -2a27a93 (base 11) in base 12?
-18a5633
What is a7a204 (base 11) in base 10?
1726553
What is -20324430 (base 5) in base 14?
-45078
10101001111011000 (base 2) to base 9
142306
What is -1021211124 (base 5) in base 7?
-24056600
-26a040b (base 12) to base 11
-4370850
What is 30333101 (base 4) in base 14?
15561
Convert -4950 (base 13) to base 14.
-3ad0
-201121201 (base 3) to base 8
-33736
Convert -46247a (base 11) to base 16.
-b3833
750333 (base 8) to base 14
671c7
2022412 (base 7) to base 5
30202431
What is 2210312111 (base 4) in base 2?
10100100110110010101
99211 (base 10) to base 7
562150
-4ae631 (base 15) to base 9
-6674751
Convert -21520700 (base 8) to base 3.
-22201011200210
What is 13a1761 (base 13) in base 8?
27607375
Convert -216374 (base 11) to base 10.
-345173
Convert 418170 (base 10) to base 6.
12543550
What is -1011111101101100111110 (base 2) in base 4?
-23331230332
What is 1332313003 (base 4) in base 12?
210857
What is -311520 (base 9) in base 13?
-661b0
What is -3332223342 (base 5) in base 8?
-33673217
Convert 7622407 (base 9) to base 10.
4089292
What is 7c93e (base 15) in base 9?
664465
What is -1db74 (base 16) in base 15?
-260e6
-5071671 (base 9) to base 4
-22110100123
-14055520 (base 7) to base 12
-53101a
Convert 13030023 (base 4) to base 3.
1111101210
What is 122123302 (base 4) in base 11?
74391
Convert -50552 (base 10) to base 14.
-145cc
98afb (base 16) to base 2
10011000101011111011
Convert 20120201121 (base 3) to base 4.
133220122
Convert 110011111000001010000 (base 2) to base 8.
6370120
What is -1000010110011101110000 (base 2) in base 10?
-2189168
43672426 (base 8) to base 12
3194906
Convert 24231050 (base 6) to base 12.
30b486
Convert 225212 (base 8) to base 9.
125747
What is 121012121120211 (base 3) in base 16?
836eba
What is -140477 (base 8) in base 7?
-264142
2053111 (base 6) to base 8
304203
Convert -10110011100100001110000 (base 2) to base 11.
-3359826
What is -42432151 (base 7) in base 16?
-3700c0
What is a84e1 (base 16) in base 9?
1260574
Convert 11055145 (base 6) to base 5.
41143332
c2c3 (base 16) to base 13
19904
What is -534132 (base 8) in base 14?
-48d74
What is -4a23cb (base 14) in base 15?
-353176
Convert -2274326 (base 9) to base 11.
-770204
What is -193257a (base 11) in base 4?
-30131323021
Convert 153648 (base 10) to base 3.
21210202200
What is -18844a2 (base 11) in base 4?
-30021012221
-e6614 (base 15) to base 5
-141332434
Convert 11000000111111101111 (base 2) to base 3.
1111011101012
Convert -100000001110001000010001 (base 2) to base 9.
-16803348
2056627 (base 9) to base 3
2001220200221
Convert -43093 (base 12) to base 8.
-254257
Convert ad4c87 (base 16) to base 3.
210101000022110
Convert 2b062 (base 16) to base 4.
223001202
Convert -3996416 (base 12) to base 15.
-1001486
What is -100ee3 (base 15) in base 2?
-10111010001101110010
Convert 1100021111222 (base 3) to base 14.
14832c
Convert 423431 (base 6) to base 8.
103313
What is 8c105 (base 13) in base 14?
68d22
What is -21012201100 (base 3) in base 16?
-22a7c
706725 (base 8) to base 3
102211111120
What is -7245373 (base 9) in base 2?
-1110110000011011011111
-100020314 (base 5) to base 16
-5fb17
2160252 (base 8) to base 11
368131
Convert -86700 (base 16) to base 7.
-4452261
16496 (base 15) to base 5
4300131
Convert 21230126 (base 9) to base 8.
47026601
Convert -901c3 (base 15) to base 16.
-6f561
-747132 (base 8) to base 14
-66c8a
Convert 396859 (base 11) to base 6.
21212340
-345301 (base 7) to base 16
-f1c0
-22033223 (base 4) to base 9
-63505
Convert -3102423332 (base 5) to base 3.
-102211211202110
122200220111021 (base 3) to base 2
100011111000100010110101
2d3b6 (base 15) to base 16
23a33
83d7a4 (base 14) to base 9
8340131
What is 354561 (base 8) in base 14?
32253
What is b7b0 (base 14) in base 2?
111101111011110
What is -6336281 (base 9) in base 12?
-1175a31
Convert 765a0c (base 15) to base 14.
a6abcc
Convert 322277a (base 11) to base 7.
66122426
Convert -2bc128 (base 14) to base 3.
-2212210122221
-324893 (base 11) to base 13
-1521cc
What is -170220 (base 11) in base 16?
-4067a
1c76d9 (base 16) to base 2
111000111011011011001
11440310 (base 5) to base 3
12112021202
10003013320 (base 4) to base 13
2b2139
What is -31b547 (base 13) in base 5?
-244330021
Convert 2301124131 (base 5) to base 9.
10531044
-136748 (base 9) to base 4
-110130011
1eff3 (base 16) to base 10
126963
Convert -3988 (base 15) to base 8.
-27766
Co